6. Let i be k(4). Let z = -386 + i. What is the hundreds digit of z?
5
Let o(h) = h**3 + 26*h**2 + 46*h - 32. Let c be o(-24). Let s(m) = -m**3 + 21*m**2 - 29*m - 29. What is the tens digit of s(c)?
8
Suppose -3*f + 12 = 5*c, -5*f + 0*c = -4*c + 17. Let v(j) be the third derivative of -151*j**4/24 + j**3/3 - 16*j**2. What is the units digit of v(f)?
3
What is the thousands digit of ((-21795340)/75)/(-7) + 80/1200?
1
Let g be (24/15)/((-12)/30) + 522. What is the hundreds digit of (-57)/95 - g/(-5)?
1
Let f(u) = u**2 + 3*u - 13. Let m be f(-5). Let h be 8/(-10)*(116/8 - m). Let c(z) = -z**3 - 13*z**2 + 13*z + 11. What is the units digit of c(h)?
5
Let c(i) = -i**3 - 9*i**2 - 24*i - 16. Let t be c(-4). Suppose t = -7*d - 1075 + 4575. What is the hundreds digit of d?
5
Let c(x) = -7 + 27*x - 638*x**3 + 4*x - 38*x. What is the units digit of c(-1)?
8
Let a = -118 - -121. Suppose 4*y + a*m - 584 = 0, -2*y + 157 + 145 = -m. What is the units digit of y?
9
Let q(d) = -d**3 + 5*d**2 - 3*d - 9. Let t be q(-4). Let y = t + -104. Suppose 2*l + 3 = l, -f + y = 5*l. What is the units digit of f?
8
Suppose -31*o = -3227 - 2415. What is the units digit of o?
2
Let r = -45 + 38. Let o = r + -45. Let y = o + 102. What is the tens digit of y?
5
Let q(a) = -1221*a**3 - 15*a**2 - 22*a + 11. What is the units digit of q(-2)?
3
Suppose -4*k + 756 = -2*y, 5*y + 3*k - k = -1878. Let t = 811 + y. Suppose 6*l - 11*l = -t. What is the tens digit of l?
8
Suppose t = -3*t. Suppose 0 = 2*b - 8, -2*u - 5*b + 11 + 9 = t. What is the units digit of (u + 3)*(19 + -4)?
5
Let v be (3 - (-68)/(-8) - -5)*-5668. Suppose -12*q + 9994 = -v. What is the hundreds digit of q?
0
What is the hundreds digit of 6*(2/(-12)*2 + (-772475)/(-330))?
0
Suppose -4*i - 213 = i + 4*t, -3*t = -2*i - 76. Let j = -21 - i. What is the units digit of 0 + (4/10)/(2/j)?
4
Let h(q) = 143*q**2 + 13*q - 228. What is the ten thousands digit of h(22)?
6
What is the units digit of (10/(-20))/(-4 - -3) + 284241/6?
4
Suppose 4*y - 5 = 5*z, -3*z = 4*y + 2 + 1. Suppose -37*s + 29*s + 6792 = y. What is the tens digit of s?
4
Suppose 0 = -1155*u + 1156*u + 7, 174625 = 2*t - 3*u. What is the units digit of t?
2
Let r(y) = 524*y**2 + 4*y - 3. Suppose -5*i + 4*f - f = 10, -5*i = 2*f - 15. What is the hundreds digit of r(i)?
5
Let i be (-4018)/(((-4)/2)/(-6 - -7)). Let p = -1411 + i. What is the tens digit of p?
9
Suppose -2 = -10*m + 11*m. Let t be 4/8 + m/4. Suppose 0 = -g + c + 83, t = -g + 5*c - c + 77. What is the tens digit of g?
8
Let i = 11 + 28. Let n = -39 + i. Suppose 0 = -2*q - n*q + 4*j + 158, -3*q - 4*j + 287 = 0. What is the units digit of q?
9
Let v = 79 - 76. Let o(u) = -u**3 + 7*u**2 + 8*u + 3. Let l be o(7). Suppose -f + 4*q = -l, -v*q - 330 = -5*f - 35. What is the units digit of f?
9
Suppose 6*r + 40 = 11*r. Suppose -1714 = r*z - 11642. What is the thousands digit of z?
1
Let i = 3804 - 1032. What is the hundreds digit of i?
7
Let v = 84158 - 51088. What is the tens digit of v?
7
Suppose -32*n + 53*n - 2307516 = -41*n. What is the tens digit of n?
1
Suppose -127*l + 125*l + 117714 = q, 5*q = 0. What is the units digit of l?
7
Let p(b) = b**3 + 6*b**2 - 3. Let y be p(-6). What is the units digit of (0 + 4)*(3 - (-1 - y))?
4
Let z(y) = 3*y**2 - 62*y + 53. Let q(t) = 3*t**2 + t - 4. Let m be q(3). What is the units digit of z(m)?
9
Suppose -2 = -5*o + c + 1, 4*o - c = 3. Let i be 12/(-54) - (o + (-184)/18). Suppose -17*g + 308 = -i*g. What is the tens digit of g?
4
Let k be 0/(4*(4 + 60/(-16))). Suppose 0 = -9*d - k - 0. What is the hundreds digit of d - -132*(-1 + 2)?
1
Suppose 0 = -10*j - 44 - 76. What is the hundreds digit of 2982/9 + (8/j)/(-1)?
3
Suppose -2*x - 3559 = -12781. What is the thousands digit of x?
4
Let b = 2672 + 3193. What is the hundreds digit of b?
8
What is the thousands digit of (11 + 5 + -4)/((-4)/(-6970))?
0
Let o = 13033 - 6468. What is the tens digit of o?
6
Let c(n) = n**3 + 11*n**2 + 9*n - 40. Let r = 169 - 178. What is the units digit of c(r)?
1
Let s(v) = 19*v - 41. What is the units digit of s(31)?
8
Let u(v) = 2*v + 82. Let m be u(-38). What is the tens digit of 6 - -360 - m - (-4)/(-1)?
5
Suppose 0 = -422*g + 417*g + 140. Suppose g*q + 17325 = 53*q. What is the hundreds digit of q?
6
Suppose 0 = 5*j - m + 5*m - 192170, -2*m = 0. What is the ten thousands digit of j?
3
Let v be 4/(1*3/90). Let q = 82 - 89. Let s = v - q. What is the hundreds digit of s?
1
Suppose -312*q - 62*q = -18694390. What is the ten thousands digit of q?
4
Let f = 40246 - 23057. What is the thousands digit of f?
7
Let t be (2 + 48)*63/(-6). Let n = -51 - t. What is the units digit of n?
4
Let k(w) = 18*w**2 + 14*w - 358. What is the tens digit of k(16)?
7
Suppose 6*x - 8*x - 5*f + 6970 = 0, 5*x - 17344 = f. What is the units digit of x?
0
Suppose 3*q + 4173925 = 77*q + 101*q. What is the thousands digit of q?
3
Suppose b = -5*f + 21 + 2, -f + 15 = -5*b. Let q(t) = -130*t**3 + t**2 - t - 2. What is the units digit of q(b)?
4
Suppose 0 = 6*l + 28*l - 29478. What is the units digit of l?
7
Suppose 0 = -5*k + 1823 + 767. Let b = k - 159. What is the hundreds digit of b?
3
Let o(l) = -7*l**3 - 4*l**2 + 36*l + 24. Let a(g) = 5*g**3 + 6*g**2 - 36*g - 23. Let z(f) = 3*a(f) + 2*o(f). What is the tens digit of z(-12)?
2
Let i be (4/(-3))/(10/(-15)). Suppose -o + 0 + i = 2*s, -o = -5*s - 9. Suppose u + 581 = 4*f, -o*f + 576 = 2*u + 2*u. What is the tens digit of f?
4
Suppose -12*x + 10*x = 126. Let a = -58 - x. Suppose -94 - 436 = -a*m. What is the hundreds digit of m?
1
Suppose -167*o + 13*o + 497345 = -414335. What is the tens digit of o?
2
Let t(y) = 4591*y + 410. What is the units digit of t(1)?
1
Suppose -2*y + 394 = -774. Let i = 869 - y. Suppose -i = -z - 2*z. What is the tens digit of z?
9
Suppose 2*q + 3*c = 19, 0 = 5*q - q + 4*c - 32. Suppose 0 = q*f - 4*v - 1093, -3*f + 654 = 5*v - 8*v. What is the units digit of f?
1
Suppose l - 2*f - 1568 = -530, -5*l + 3*f + 5197 = 0. What is the units digit of l?
0
Let m(s) = -2*s**3 + 101*s**2 - 99*s - 44. What is the tens digit of m(48)?
2
Suppose 0 = -7*a + 2*a - 2*l + 24, -3*l = -3*a + 6. Suppose 0 = -a*m + 702 + 178. What is the hundreds digit of m?
2
Suppose -4*z = 5*u - 1189, 360 = 2*u - 3*z - 134. Let w = u - -191. What is the tens digit of w?
3
What is the hundreds digit of (-40)/(-5) - 9 - -5922?
9
Let y be (-6)/10 + 51/85. Suppose 4*u = -a - y*a + 106, a - u = 106. What is the units digit of a?
6
Let v(m) = -m**3 - 17*m**2 - 17*m + 30. Let j be v(-17). Suppose 3*n + j = -26. Let l = 219 + n. What is the tens digit of l?
0
Let u = -815 + 819. Suppose 5*v - u*l = 9516, -10*v + 4*l = -12*v + 3784. What is the thousands digit of v?
1
Let p(v) = 9084*v - 1281. What is the hundreds digit of p(4)?
0
Let c = -2394 - -11061. What is the units digit of c?
7
Let f = -50 + 55. Suppose -3*i - f*t + 791 = 0, i + 2*t - 247 = -3*t. What is the units digit of i?
2
Let m be ((-4)/(-1))/(3 - 2). Suppose 5*g = 4*k + 1215, 4*g - 72 = m*k + 900. What is the units digit of g?
3
Let g(i) = 18*i**2 + 8*i - 3816. What is the thousands digit of g(64)?
0
Suppose -426*z + 214*z = -211*z - 9582. What is the tens digit of z?
8
Let q be 2/14 - 12078/(-77). Let g = 279 + q. What is the units digit of g?
6
Suppose m - 40 = 11*m. What is the hundreds digit of (1422/m)/((-13)/26)?
7
Let u(y) = -21*y - 7. Let f = -26 + 38. Let w = f - 17. What is the units digit of u(w)?
8
Let v(z) = -4830*z + 4348. What is the units digit of v(-13)?
8
Let m(s) = 4*s**2 + 9*s**2 - 57 - 37 + 8*s - 6*s**2. What is the tens digit of m(-17)?
9
Suppose -97672 + 616207 = 229*d - 62*d. What is the units digit of d?
5
Let x = -27 - -56. Let z(n) = 15*n - 15. What is the units digit of z(x)?
0
Let q = 27322 - 26339. What is the hundreds digit of q?
9
Let o be ((-5)/2)/(12/600). Let v be (-1147)/(-74) - (-1)/(-2). What is the tens digit of (o/v)/5*(-34 - -1)?
5
Suppose -91 + 124 = z. Suppose -760 = -z*x + 428. What is the tens digit of x?
3
Suppose 3*k + 5*f + 518 = 3483, -3*k = 2*f - 2977. What is the units digit of k?
5
What is the thousands digit of (-1 - 252 - 1)/((2928/3192)/(-61))?
6
Let u(j) = 2*j**2 + 12*j - 5. Let q(v) = v**2 + 13*v - 3. Let f(t) = -5*q(t) + 4*u(t). What is the units digit of f(15)?
